9*j + 3. Calculate d(-8).
-5
Let r(s) = -s**3 - 11*s**2 + 5*s + 57. Determine r(-11).
2
Let h(y) = -y**3 - 2*y**2 - y + 55. Calculate h(0).
55
Let t(u) = u**3 + 5. Calculate t(3).
32
Let k(b) = b**2 - 57*b - 448. Calculate k(-7).
0
Let k(t) = -13*t**3 - 2*t**2 + 5*t - 5. Give k(2).
-107
Let p(h) = -5*h - 43. Calculate p(-11).
12
Let o(b) = -b**2 + b + 28. What is o(-6)?
-14
Let s(x) = x**3 - 7*x**2 + 3*x + 4. What is s(6)?
-14
Let d(b) = 10*b + 5. Calculate d(4).
45
Let t(m) = m**3 - m**2 - 9*m + 2. Calculate t(0).
2
Let p(t) = t**3 - 3*t - 4. Determine p(-2).
-6
Let m(g) = g**3 + 6*g**2 + 2*g + 7. Calculate m(-5).
22
Let v(p) = p**2 - 41*p + 173. Determine v(5).
-7
Let j(w) = w**3 + 14*w**2 + 4*w + 2. Give j(-14).
-54
Let j(x) = -x**3 - 32*x**2 + 27*x - 15. Determine j(-33).
183
Let m(q) = -10*q. Give m(2).
-20
Let u(s) = -s**3 + 8*s**2 + 13*s + 5. Calculate u(10).
-65
Let w(b) = b**3 + 23*b**2 + 2*b - 12. What is w(-23)?
-58
Let y(k) = k**3 + k**2 - 2. Calculate y(-2).
-6
Let b(o) = 2*o**3 + 22*o**2 + 12*o + 127. What is b(-11)?
-5
Let g(r) = -4*r - 20. Calculate g(4).
-36
Let x(g) = 2*g**2 - 8*g + 1. Calculate x(6).
25
Let w(m) = m - 16. Determine w(11).
-5
Let k(a) = -18*a - 12. Determine k(5).
-102
Let h(p) = p**3 - 13*p**2 + 9*p + 42. Give h(12).
6
Let v(h) = 3*h**2 - 13*h + 14. Determine v(1).
4
Let i(c) = 5*c**2 - 5*c - 4. Determine i(-3).
56
Let b(t) = t**3 + 2*t**2 + 5*t - 5. Calculate b(2).
21
Let l(v) = v**3 + v**2 + 46. Give l(0).
46
Let a(m) = m**2 - 2*m - 10. What is a(7)?
25
Let f(s) = -s**2 + 18*s + 10. Calculate f(13).
75
Let i(a) = a**2 - 3*a - 8. Give i(-4).
20
Let v(l) = -l + 11. Calculate v(6).
5
Let q(w) = 3*w - 31. What is q(10)?
-1
Let p(a) = a + 4. Calculate p(-4).
0
Let l(q) = -q**3 - 10*q**2 + 12*q + 10. Determine l(-11).
-1
Let h(i) = -2*i - 14. Give h(-4).
-6
Let z(p) = p**3 + 12*p**2 - 6*p - 6. Determine z(-13).
-97
Let f(o) = -o**2 - 4*o + 9. Determine f(-8).
-23
Let m(k) = 2*k + 5. What is m(-6)?
-7
Let i(u) = u**3 + 13*u**2 + 24*u + 25. Determine i(-11).
3
Let y(u) = u**3 - 7*u**2 - 8*u + 4. Give y(8).
4
Let m(w) = w**2 + 15*w + 17. Calculate m(-4).
-27
Let n(b) = b**3 + b**2 - 11. Calculate n(0).
-11
Let z(t) = 3*t**3 - 6*t**2 - 8*t + 12. Calculate z(3).
15
Let l(z) = z**3 + 4*z**2 - 4*z + 20. What is l(-4)?
36
Let z(v) = 35*v**2 + v + 1. Give z(-1).
35
Let n(k) = -k**2 - 12*k + 8. Determine n(-11).
19
Let i(w) = -w**2 - 27. Calculate i(0).
-27
Let h(p) = p**3 + 13*p**2 + 2*p - 14. Calculate h(-13).
-40
Let z(u) = 6*u**2 - 11*u + 3. What is z(2)?
5
Let w(z) = -2*z**3 + 2*z**2 + z - 4. Calculate w(3).
-37
Let m(k) = -17*k + 5. What is m(2)?
-29
Let m(u) = 3*u**3 - 3*u**2 + 1. Give m(2).
13
Let n(c) = -c**3 - 16*c**2 - 15*c - 9. Give n(-15).
-9
Let m(y) = -3*y**2 - 103*y - 33. Determine m(-34).
1
Let z(v) = v + 43. Give z(-9).
34
Let l(c) = -c**2 + 9*c - 5. What is l(9)?
-5
Let q(x) = -22*x + 215. Calculate q(10).
-5
Let u(l) = -6*l - 62. Give u(13).
-140
Let a(c) = 3*c**2 - 2*c. Determine a(2).
8
Let x(l) = -l**3 - 7*l**2 - l + 3. Determine x(-5).
-42
Let u(a) = a**2 + 2*a - 26. Determine u(-6).
-2
Let n(t) = 3*t**3 - 2*t**2 + t + 2. What is n(2)?
20
Let x(l) = l**3 + l + 53. What is x(0)?
53
Let g(o) = -o**2 - 18*o + 35. What is g(-20)?
-5
Let q(x) = -9*x - 105. Calculate q(-13).
12
Let r(t) = 39*t**3. Give r(-1).
-39
Let g(o) = -o**3 + 6*o**2 - 3*o - 12. What is g(5)?
-2
Let r(c) = -5*c + 127. Give r(25).
2
Let j(m) = m**3 + 8*m**2 - 8*m + 17. What is j(-9)?
8
Let x(c) = c**3 - 9*c**2 - 9*c - 30. Give x(10).
-20
Let z(i) = -i**3 - 7*i**2 + 8*i - 6. Determine z(-8).
-6
Let c(o) = -10*o + 5. Give c(-3).
35
Let v(c) = c**2 + 15*c - 7. What is v(-16)?
9
Let c(i) = 5*i - 8. Calculate c(-10).
-58
Let p(y) = -10*y**2 + y - 2. What is p(2)?
-40
Let w(y) = -y**3 + 5*y**2 - 2*y + 1. What is w(5)?
-9
Let n(l) = 5*l - 24. What is n(9)?
21
Let q(w) = -4*w - 8. Determine q(-4).
8
Let l(u) = u**3 - 5*u**2 + 3*u + 2. What is l(4)?
-2
Let j(d) = -d**2 + 19*d + 52. Determine j(22).
-14
Let t(x) = 3*x + 9. Give t(-7).
-12
Let i(f) = 6*f**2 + 2. Calculate i(-2).
26
Let p(i) = i**2 - 2*i + 3. Give p(3).
6
Let q(u) = 2*u**3 - 3*u + 4. Determine q(2).
14
Let o(c) = -c + 6. Determine o(11).
-5
Let n(p) = -p**2 - p - 2. What is n(-4)?
-14
Let m(j) = j**2 + 6*j - 15. What is m(-13)?
76
Let f(z) = -61*z. What is f(-1)?
61
Let m(x) = -x + 12. Determine m(5).
7
Let r(y) = -8*y**3 - 10*y - 10. Give r(-1).
8
Let s(i) = -i**3 - 4*i**2 + 2*i + 4. Give s(-4).
-4
Let y(k) = -k**3 + 10*k**2 - 18*k - 10. Calculate y(8).
-26
Let c(z) = 9*z + 247. What is c(-28)?
-5
Let m(q) = q**3 + 9*q**2 - q - 4. Determine m(-9).
5
Let q(b) = -5*b - 41. Determine q(-7).
-6
Let o(l) = l**3 - 20*l**2 - 20*l - 12. Determine o(21).
9
Let c(y) = -18*y**3 + y**2 + y. Calculate c(-1).
18
Let n(r) = -4*r + 147. Give n(20).
67
Let u(l) = -9*l**2 + 2*l + 4. Determine u(-3).
-83
Let o(g) = 6*g**3 + g**2. Calculate o(-1).
-5
Let k(c) = -70*c + 698. Give k(10).
-2
Let b(z) = -67*z - 382. Determine b(-6).
20
Let c(m) = 38*m**2 - 231*m - 6. What is c(6)?
-24
Let m(k) = -3*k**2 + 4*k + 3. Calculate m(3).
-12
Let x(j) = -j**2 - 8*j - 7. What is x(-8)?
-7
Let x(c) = -5*c + 7. Calculate x(-3).
22
Let m(p) = 10*p**2 + 18*p + 5. Calculate m(-2).
9
Let m(v) = 2*v**2 - 12*v + 5. What is m(7)?
19
Let x(r) = -4*r - 43. Determine x(-18).
29
Let y(j) = j**3 - 14*j**2 - 13*j - 14. Give y(15).
16
Let t(s) = -13*s**2 - 2*s + 1. What is t(1)?
-14
Let h(c) = 2*c**2 + 24*c - 51. What is h(-14)?
5
Let x(p) = 4*p**2 - 32*p + 85. What is x(3)?
25
Let j(w) = -w**3 - 4*w**2 - w - 9. Calculate j(-4).
-5
Let w(v) = -2*v - 12. Give w(4).
-20
Let b(k) = 6*k**2 + 7*k - 5. Determine b(-2).
5
Let s(f) = -3*f**3 - 22*f**2 + 16*f + 4. Give s(-8).
4
Let d(z) = -15*z**2 - z + 2. What is d(-2)?
-56
Let d(a) = 41*a + 73. What is d(-2)?
-9
Let x(s) = s**2 + 17*s + 24. Determine x(-2).
-6
Let b(o) = -12*o - 143. Calculate b(-11).
-11
Let g(p) = p**3 + 2*p**2 - 3*p + 3. Give g(0).
3
Let a(r) = -r**3 + r**2 - 2*r - 2. Determine a(-1).
2
Let q(t) = 18*t**2 + 17*t + 2. What is q(-1)?
3
Let d(x) = -x**3 + 10*x**2 - 20*x + 7. Give d(8).
-25
Let x(i) = 3*i**2 - 16*i + 9. Determine x(5).
4
Let k(q) = -q**3 - 18*q**2 + 40*q + 1. Determine k(-20).
1
Let o(d) = 19*d + 77. Give o(-4).
1
Let a(v) = 9*v**2 - 14*v - 22. Calculate a(-2).
42
Let q(u) = 45*u**3. Determine q(-1).
-45
Let k(s) = -3*s**3 + 6*s**2 - 2*s + 7. Determine k(4).
-97
Let x(k) = 2*k**3 - 33*k**2 + 16*k + 10. Give x(16).
10
Let t(c) = 12*c + 59. Calculate t(-4).
11
Let k(m) = -6*m**2 - m + 7. Give k(-2).
-15
Let n(x) = x**3 + 12*x**2 + 7*x - 5. What is n(-12)?
-89
Let t(f) = 5*f - 73. What is t(14)?
-3
Let m(n) = 6*n + 8. Calculate m(-7).
-34
Let s(b) = -59*b**3 + 2*b + 1. Determine s(-1).
58
Let s(q) = 7*q**2 - 2*q - 3. Calculate s(-1).
6
Let y(l) = -l**3 + 7*l**2 + 9*l + 15. Give y(8).
23
Let u(f) = -f + 2. Determine u(5).
-3
Let p(t) = -t**3 - 8*t**2 - 2*t - 98. Calculate p(-9).
1
Let x(p) = -15*p + 1. What is x(2)?
-29
Let t(z) = -z**3 + 7*z**2 + 5*z - 3. Determine t(8).
-27
Let z(p) = -4*p - 7. What is z(-4)?
9
Let b(t) = -3*t + 19. What is b(2)?
13
Let u(p) = p**2 + 19*p + 20. Determine u(-15).
-40
Let z(a) = -5*a**2 + 19*a - 33. Calculate z(2).
-15
Let t(d) = -2*d + 7. Calculate t(-7).
21
Let m(i) = i**3 + 6*i**2 + 13. Determine m(-6).
13
Let m(v) = 2*v**2 + 5*v + 24. Determine m(-5).
49
Let u(m) = 48*m**3 - m**2 + 2*m + 1. Calculate u(-1).
-50
Let a(n) = -20*n**3 + n**2 + n - 1. What is a(1)?
-19
Let c(t) = -2*t**2 + 23*t - 31. Determine c(9).
14
Let d(f) = -2*f**2 - f - 2. What is d(-2)?
-8
Let v(p) = -3*p + 24. Give v(8).
0
Let x(q) = -2*q**2 + 4*q + 6. Determine x(4).
-10
Let b(g) = g**3 + 11*g**2 - 9*g + 24. What is b(-12)?
-12
Let u(r) = r**3 + 3*r**2 - 2*r - 1. Give u(-4).
-9
Let d(g) = -g**3 + 11*g**2 - 3*g + 8. What is d(11)?
-25
Let y(o) = -10*o**2 + 7*o. Determine y(2).
-26
Let s(x) = -x**2 - 2*x - 3. Give s(-3).
-6
Let d(u) = -u**3 - 4*u**2 - 2*u + 1. Calculate d(-4).
9
Let o(c) = -13*c + 16. Determine o(1).
3
Let t(h) = 99*h + 7. What is t(1)?
106
Let r(b) = -5*b + 16. Determine r(12).
-44
Let j(y) = -13*y - 260. Give j(-18).
-26
Let u(b) = -4*b - 14. What is u(-5)?
6
Let p(b) = 19*b - 84. Calculate p(9).
87
Let p(t) = t**2 + 11*t - 